{"id":51,"date":"2021-04-01T17:34:24","date_gmt":"2021-04-01T17:34:24","guid":{"rendered":"https:\/\/kuopionhoiva.fi\/?page_id=51"},"modified":"2026-03-24T14:11:38","modified_gmt":"2026-03-24T12:11:38","slug":"kesaleirit","status":"publish","type":"page","link":"https:\/\/kuopionhoiva.fi\/?page_id=51","title":{"rendered":"Kes\u00e4leirit"},"content":{"rendered":"\n<p>Kes\u00e4leiri on tarkoitettu lapsuudenkodissaan asuville kuopiolaisille (Kuopio, Karttula, Vehmersalmi, Riistavesi, Nilsi\u00e4, Maaninka, Juankoski) kehitysvammaisille lapsille, nuorille ja aikuisille. Leiriin oikeutettuja eiv\u00e4t ole asumisyksik\u00f6iss\u00e4 eik\u00e4 palvelutalojen\/palvelukotien valvonnassa yksin asuvat. Leiril\u00e4isen edellytet\u00e4\u00e4n kykenev\u00e4n&nbsp; ryhm\u00e4muotoiseen toimintaan ja selviytym\u00e4\u00e4n ilman erityist\u00e4 valvontaa ja terveydenhoitopalvelua.<\/p>\n\n\n\n<p><strong>HUOM!&nbsp;<\/strong>Hoivan ja Kuopion kaupungin sopiman ty\u00f6njaon mukaan palvelukodit j\u00e4rjest\u00e4v\u00e4t palvelukodeissa asuvien kes\u00e4ajan virkistys- ja lomatoiminnan yhteisty\u00f6ss\u00e4 Kuopion kaupungin kehitysvammahuollon kanssa. Lis\u00e4tietoja erityisneuvolasta ja palvelukodeista.<\/p>\n\n\n\n<p><strong>T\u00e4n\u00e4 vuonna kes\u00e4leiri on mahdollisesti Rautavaaran Mets\u00e4kartanolla 6.- 10.7. 2026 yli 9 vuotiaille.<\/strong> T\u00e4m\u00e4 varmistuu huhtikuun aikana.<\/p>\n\n\n\n<p>Leirin omavastuu on 100\u20ac.<\/p>\n\n\n\n<h3 class=\"wp-block-heading\">Leireille tarvitaan ty\u00f6ntekij\u00f6it\u00e4<\/h3>\n\n\n\n<p>Kes\u00e4leireille tarvitaan joka vuosi ohjaajia.&nbsp;<strong>Jos olet kiinnostunut ja ik\u00e4si on v\u00e4hint\u00e4\u00e4n 19 vuotta ja asut kes\u00e4ll\u00e4 Kuopiossa tai naapurikunnissa,<\/strong>&nbsp;l\u00e4het\u00e4 hakemuksesi&nbsp;<a href=\"http:\/\/web.archive.org\/web\/20180830100955\/mailto:hoiva@luukku.com\">s<u>\u00e4<\/u>hk<u>\u00f6<\/u>postilla<\/a>&nbsp;maaliskuun loppuun menness\u00e4, sill\u00e4 valitsemme leiriohjaajat seuraavaa kes\u00e4\u00e4 varten huhtikuun aikana. Kerro kuka olet, mit\u00e4 olet opiskellut ja t\u00e4h\u00e4nastiset ty\u00f6paikkasi, harrastuksesi sek\u00e4 vahvuutesi. Liit\u00e4 mukaan CV. Leireill\u00e4 saat t\u00e4ysihoidon ja kohtuullisen rahallisen korvauksen sek\u00e4 kosolti kokemuksia el\u00e4m\u00e4st\u00e4. Leiriohjaajan ty\u00f6 vaatii my\u00f6s y\u00f6pymisen leirill\u00e4. Etusijalla ovat hoiva-alan kokemusta omaavat henkil\u00f6t sek\u00e4 esim. alan opiskelijat, my\u00f6s miehi\u00e4 tarvitaan. Jos Sinulla on jokin erityisvahvuus, josta arvelet olevan hy\u00f6ty\u00e4 leireill\u00e4, mainitse siit\u00e4 erikseen (jonkin soittimen soittotaito, askarteluohjaaja-kokemusta, liikunnanohjauskokemusta jne). Lis\u00e4tietoja puhelimitse Seppo Heikkinen 044 376 3079 tai s\u00e4hk\u00f6postilla: heikkinen.seppo(\u00e4t)hotmail.com<\/p>\n","protected":false},"excerpt":{"rendered":"<p>Kes\u00e4leiri on tarkoitettu lapsuudenkodissaan asuville kuopiolaisille (Kuopio, Karttula, Vehmersalmi, Riistavesi, Nilsi\u00e4, Maaninka, Juankoski) kehitysvammaisille lapsille, nuorille ja aikuisille. Leiriin oikeutettuja eiv\u00e4t ole asumisyksik\u00f6iss\u00e4 eik\u00e4 palvelutalojen\/palvelukotien valvonnassa yksin asuvat. Leiril\u00e4isen edellytet\u00e4\u00e4n kykenev\u00e4n&nbsp; ryhm\u00e4muotoiseen toimintaan ja selviytym\u00e4\u00e4n ilman erityist\u00e4 valvontaa ja terveydenhoitopalvelua. HUOM!&nbsp;Hoivan ja Kuopion kaupungin sopiman ty\u00f6njaon mukaan palvelukodit j\u00e4rjest\u00e4v\u00e4t palvelukodeissa&#8230;<\/p>\n","protected":false},"author":1,"featured_media":0,"parent":28,"menu_order":0,"comment_status":"closed","ping_status":"closed","template":"","meta":{"footnotes":""},"class_list":["post-51","page","type-page","status-publish","hentry"],"yoast_head":"<!-- This site is optimized with the Yoast SEO plugin v27.5 - https:\/\/yoast.com\/product\/yoast-seo-wordpress\/ -->\n<title>Kes\u00e4leirit - Kuopion Hoiva ry<\/title>\n<meta name=\"robots\" content=\"index, follow, max-snippet:-1, max-image-preview:large, max-video-preview:-1\" \/>\n<link rel=\"canonical\" href=\"https:\/\/kuopionhoiva.fi\/?page_id=51\" \/>\n<meta property=\"og:locale\" content=\"fi_FI\" \/>\n<meta property=\"og:type\" content=\"article\" \/>\n<meta property=\"og:title\" content=\"Kes\u00e4leirit - Kuopion Hoiva ry\" \/>\n<meta property=\"og:description\" content=\"Kes\u00e4leiri on tarkoitettu lapsuudenkodissaan asuville kuopiolaisille (Kuopio, Karttula, Vehmersalmi, Riistavesi, Nilsi\u00e4, Maaninka, Juankoski) kehitysvammaisille lapsille, nuorille ja aikuisille. Leiriin oikeutettuja eiv\u00e4t ole asumisyksik\u00f6iss\u00e4 eik\u00e4 palvelutalojen\/palvelukotien valvonnassa yksin asuvat. Leiril\u00e4isen edellytet\u00e4\u00e4n kykenev\u00e4n&nbsp; ryhm\u00e4muotoiseen toimintaan ja selviytym\u00e4\u00e4n ilman erityist\u00e4 valvontaa ja terveydenhoitopalvelua. HUOM!&nbsp;Hoivan ja Kuopion kaupungin sopiman ty\u00f6njaon mukaan palvelukodit j\u00e4rjest\u00e4v\u00e4t palvelukodeissa...\" \/>\n<meta property=\"og:url\" content=\"https:\/\/kuopionhoiva.fi\/?page_id=51\" \/>\n<meta property=\"og:site_name\" content=\"Kuopion Hoiva ry\" \/>\n<meta property=\"article:modified_time\" content=\"2026-03-24T12:11:38+00:00\" \/>\n<meta name=\"twitter:card\" content=\"summary_large_image\" \/>\n<meta name=\"twitter:label1\" content=\"Arvioitu lukuaika\" \/>\n\t<meta name=\"twitter:data1\" content=\"2 minuuttia\" \/>\n<script type=\"application\/ld+json\" class=\"yoast-schema-graph\">{\"@context\":\"https:\\\/\\\/schema.org\",\"@graph\":[{\"@type\":\"WebPage\",\"@id\":\"https:\\\/\\\/kuopionhoiva.fi\\\/?page_id=51\",\"url\":\"https:\\\/\\\/kuopionhoiva.fi\\\/?page_id=51\",\"name\":\"Kes\u00e4leirit - Kuopion Hoiva ry\",\"isPartOf\":{\"@id\":\"https:\\\/\\\/kuopionhoiva.fi\\\/#website\"},\"datePublished\":\"2021-04-01T17:34:24+00:00\",\"dateModified\":\"2026-03-24T12:11:38+00:00\",\"breadcrumb\":{\"@id\":\"https:\\\/\\\/kuopionhoiva.fi\\\/?page_id=51#breadcrumb\"},\"inLanguage\":\"fi\",\"potentialAction\":[{\"@type\":\"ReadAction\",\"target\":[\"https:\\\/\\\/kuopionhoiva.fi\\\/?page_id=51\"]}]},{\"@type\":\"BreadcrumbList\",\"@id\":\"https:\\\/\\\/kuopionhoiva.fi\\\/?page_id=51#breadcrumb\",\"itemListElement\":[{\"@type\":\"ListItem\",\"position\":1,\"name\":\"Etusivu\",\"item\":\"https:\\\/\\\/kuopionhoiva.fi\\\/\"},{\"@type\":\"ListItem\",\"position\":2,\"name\":\"Toiminta\",\"item\":\"https:\\\/\\\/kuopionhoiva.fi\\\/?page_id=28\"},{\"@type\":\"ListItem\",\"position\":3,\"name\":\"Kes\u00e4leirit\"}]},{\"@type\":\"WebSite\",\"@id\":\"https:\\\/\\\/kuopionhoiva.fi\\\/#website\",\"url\":\"https:\\\/\\\/kuopionhoiva.fi\\\/\",\"name\":\"Kuopion Hoiva ry\",\"description\":\"\",\"potentialAction\":[{\"@type\":\"SearchAction\",\"target\":{\"@type\":\"EntryPoint\",\"urlTemplate\":\"https:\\\/\\\/kuopionhoiva.fi\\\/?s={search_term_string}\"},\"query-input\":{\"@type\":\"PropertyValueSpecification\",\"valueRequired\":true,\"valueName\":\"search_term_string\"}}],\"inLanguage\":\"fi\"}]}<\/script>\n<!-- \/ Yoast SEO plugin. -->","yoast_head_json":{"title":"Kes\u00e4leirit - Kuopion Hoiva ry","robots":{"index":"index","follow":"follow","max-snippet":"max-snippet:-1","max-image-preview":"max-image-preview:large","max-video-preview":"max-video-preview:-1"},"canonical":"https:\/\/kuopionhoiva.fi\/?page_id=51","og_locale":"fi_FI","og_type":"article","og_title":"Kes\u00e4leirit - Kuopion Hoiva ry","og_description":"Kes\u00e4leiri on tarkoitettu lapsuudenkodissaan asuville kuopiolaisille (Kuopio, Karttula, Vehmersalmi, Riistavesi, Nilsi\u00e4, Maaninka, Juankoski) kehitysvammaisille lapsille, nuorille ja aikuisille. Leiriin oikeutettuja eiv\u00e4t ole asumisyksik\u00f6iss\u00e4 eik\u00e4 palvelutalojen\/palvelukotien valvonnassa yksin asuvat. Leiril\u00e4isen edellytet\u00e4\u00e4n kykenev\u00e4n&nbsp; ryhm\u00e4muotoiseen toimintaan ja selviytym\u00e4\u00e4n ilman erityist\u00e4 valvontaa ja terveydenhoitopalvelua. HUOM!&nbsp;Hoivan ja Kuopion kaupungin sopiman ty\u00f6njaon mukaan palvelukodit j\u00e4rjest\u00e4v\u00e4t palvelukodeissa...","og_url":"https:\/\/kuopionhoiva.fi\/?page_id=51","og_site_name":"Kuopion Hoiva ry","article_modified_time":"2026-03-24T12:11:38+00:00","twitter_card":"summary_large_image","twitter_misc":{"Arvioitu lukuaika":"2 minuuttia"},"schema":{"@context":"https:\/\/schema.org","@graph":[{"@type":"WebPage","@id":"https:\/\/kuopionhoiva.fi\/?page_id=51","url":"https:\/\/kuopionhoiva.fi\/?page_id=51","name":"Kes\u00e4leirit - Kuopion Hoiva ry","isPartOf":{"@id":"https:\/\/kuopionhoiva.fi\/#website"},"datePublished":"2021-04-01T17:34:24+00:00","dateModified":"2026-03-24T12:11:38+00:00","breadcrumb":{"@id":"https:\/\/kuopionhoiva.fi\/?page_id=51#breadcrumb"},"inLanguage":"fi","potentialAction":[{"@type":"ReadAction","target":["https:\/\/kuopionhoiva.fi\/?page_id=51"]}]},{"@type":"BreadcrumbList","@id":"https:\/\/kuopionhoiva.fi\/?page_id=51#breadcrumb","itemListElement":[{"@type":"ListItem","position":1,"name":"Etusivu","item":"https:\/\/kuopionhoiva.fi\/"},{"@type":"ListItem","position":2,"name":"Toiminta","item":"https:\/\/kuopionhoiva.fi\/?page_id=28"},{"@type":"ListItem","position":3,"name":"Kes\u00e4leirit"}]},{"@type":"WebSite","@id":"https:\/\/kuopionhoiva.fi\/#website","url":"https:\/\/kuopionhoiva.fi\/","name":"Kuopion Hoiva ry","description":"","potentialAction":[{"@type":"SearchAction","target":{"@type":"EntryPoint","urlTemplate":"https:\/\/kuopionhoiva.fi\/?s={search_term_string}"},"query-input":{"@type":"PropertyValueSpecification","valueRequired":true,"valueName":"search_term_string"}}],"inLanguage":"fi"}]}},"jetpack_sharing_enabled":true,"_links":{"self":[{"href":"https:\/\/kuopionhoiva.fi\/index.php?rest_route=\/wp\/v2\/pages\/51","targetHints":{"allow":["GET"]}}],"collection":[{"href":"https:\/\/kuopionhoiva.fi\/index.php?rest_route=\/wp\/v2\/pages"}],"about":[{"href":"https:\/\/kuopionhoiva.fi\/index.php?rest_route=\/wp\/v2\/types\/page"}],"author":[{"embeddable":true,"href":"https:\/\/kuopionhoiva.fi\/index.php?rest_route=\/wp\/v2\/users\/1"}],"replies":[{"embeddable":true,"href":"https:\/\/kuopionhoiva.fi\/index.php?rest_route=%2Fwp%2Fv2%2Fcomments&post=51"}],"version-history":[{"count":12,"href":"https:\/\/kuopionhoiva.fi\/index.php?rest_route=\/wp\/v2\/pages\/51\/revisions"}],"predecessor-version":[{"id":288,"href":"https:\/\/kuopionhoiva.fi\/index.php?rest_route=\/wp\/v2\/pages\/51\/revisions\/288"}],"up":[{"embeddable":true,"href":"https:\/\/kuopionhoiva.fi\/index.php?rest_route=\/wp\/v2\/pages\/28"}],"wp:attachment":[{"href":"https:\/\/kuopionhoiva.fi\/index.php?rest_route=%2Fwp%2Fv2%2Fmedia&parent=51"}],"curies":[{"name":"wp","href":"https:\/\/api.w.org\/{rel}","templated":true}]}}